{"id":1894,"date":"2023-04-23T16:10:23","date_gmt":"2023-04-23T16:10:23","guid":{"rendered":"https:\/\/nakup.ch\/?page_id=1894"},"modified":"2026-04-03T13:24:13","modified_gmt":"2026-04-03T13:24:13","slug":"home-2","status":"publish","type":"page","link":"https:\/\/nakup.ch\/","title":{"rendered":"Startseite"},"content":{"rendered":"\n<h2 class=\"wp-block-heading\">T\u00e4tigkeitsbereiche<\/h2>\n\n\n\n<p class=\"has-text-align-left\">Gerne biete ich Ihnen meine F\u00e4higkeiten und Erfahrungen in folgenden Bereichen an:<\/p>\n\n\n\n<div style=\"height:30px\" aria-hidden=\"true\" class=\"wp-block-spacer\"><\/div>\n\n\n\n<div class=\"wp-block-uagb-container uagb-block-3ad321fb alignfull uagb-is-root-container\"><div class=\"uagb-container-inner-blocks-wrap\">\n<div class=\"wp-block-uagb-container uagb-block-645c5158\">\n<details class=\"wp-block-details is-layout-flow wp-block-details-is-layout-flow\"><summary>Biotoppflege<\/summary>\n<p>Bald kommt mehr<\/p>\n<\/details>\n<\/div>\n\n\n\n<div class=\"wp-block-uagb-container uagb-block-41542174\">\n<details class=\"wp-block-details is-layout-flow wp-block-details-is-layout-flow\"><summary>Gruppeneins\u00e4tze<\/summary>\n<p>Bald kommt mehr<\/p>\n<\/details>\n<\/div>\n\n\n\n<div class=\"wp-block-uagb-container uagb-block-aae999f8\">\n<details class=\"wp-block-details is-layout-flow wp-block-details-is-layout-flow\"><summary>Neophyten-Management<\/summary>\n<p><a href=\"https:\/\/nakup.ch\/?p=2084\" data-type=\"link\" data-id=\"https:\/\/nakup.ch\/?p=2084\">Neophytenbek\u00e4mpfung mit Strom<\/a><\/p>\n<\/details>\n<\/div>\n\n\n\n<div class=\"wp-block-uagb-container uagb-block-a904d235\">\n<details class=\"wp-block-details is-layout-flow wp-block-details-is-layout-flow\"><summary>Trockenmauern sanieren und erstellen<\/summary>\n<p>Bald kommt mehr<\/p>\n<\/details>\n<\/div>\n\n\n\n<div class=\"wp-block-uagb-container uagb-block-56617308\">\n<details class=\"wp-block-details is-layout-flow wp-block-details-is-layout-flow\"><summary> Kleinstrukturen pflegen und neu anlegen<\/summary>\n<p>Bald kommt mehr<\/p>\n<\/details>\n<\/div>\n\n\n\n<div class=\"wp-block-uagb-container uagb-block-58b29fa8\">\n<details class=\"wp-block-details is-layout-flow wp-block-details-is-layout-flow\"><summary>Felddaten Erheben<\/summary>\n<p>Bald kommt mehr<\/p>\n<\/details>\n<\/div>\n\n\n\n<div class=\"wp-block-uagb-container uagb-block-1955799c\">\n<details class=\"wp-block-details is-layout-flow wp-block-details-is-layout-flow\"><summary>Digitale und technische L\u00f6sungen zur Datenerfassung<\/summary>\n<p><a href=\"https:\/\/nakup.ch\/?p=2000\" data-type=\"post\" data-id=\"2000\">Support und Datensicherung der Objektkontrolle (OK23+)<\/a><\/p>\n<\/details>\n<\/div>\n\n\n\n<div class=\"wp-block-uagb-container uagb-block-b097192e\">\n<details class=\"wp-block-details is-layout-flow wp-block-details-is-layout-flow\"><summary>Pflegepl\u00e4ne erstellen<\/summary>\n<p>Bald kommt mehr<\/p>\n<\/details>\n<\/div>\n\n\n\n<div class=\"wp-block-uagb-container uagb-block-d0d51edd\">\n<details class=\"wp-block-details is-layout-flow wp-block-details-is-layout-flow\"><summary>Konzepte erarbeiten<\/summary>\n<p>Bald kommt mehr<\/p>\n<\/details>\n<\/div>\n\n\n\n<div style=\"height:30px\" aria-hidden=\"true\" class=\"wp-block-spacer\"><\/div>\n<\/div><\/div>\n\n\n\n<p class=\"has-text-align-left\">In einem Gespr\u00e4ch oder per Mail gebe ich Ihnen gerne genauere Auskunft. Z\u00f6gern Sie nicht mich bei Interesse zu <a href=\"https:\/\/nakup.ch\/?page_id=27\" data-type=\"page\" data-id=\"27\">kontaktieren<\/a>.<\/p>\n","protected":false},"excerpt":{"rendered":"<p>T\u00e4tigkeitsbereiche Gerne biete ich Ihnen meine F\u00e4higkeiten und Erfahrungen in folgenden Bereichen an: In einem Gespr\u00e4ch oder per Mail gebe ich Ihnen gerne genauere Auskunft. Z\u00f6gern Sie nicht mich bei Interesse zu kontaktieren.<\/p>\n","protected":false},"author":1,"featured_media":2087,"parent":0,"menu_order":1,"comment_status":"closed","ping_status":"closed","template":"","meta":{"_uag_custom_page_level_css":"","site-sidebar-layout":"default","site-content-layout":"","ast-site-content-layout":"default","site-content-style":"default","site-sidebar-style":"default","ast-global-header-display":"","ast-banner-title-visibility":"","ast-main-header-display":"","ast-hfb-above-header-display":"","ast-hfb-below-header-display":"","ast-hfb-mobile-header-display":"","site-post-title":"disabled","ast-breadcrumbs-content":"","ast-featured-img":"","footer-sml-layout":"","ast-disable-related-posts":"","theme-transparent-header-meta":"","adv-header-id-meta":"","stick-header-meta":"","header-above-stick-meta":"","header-main-stick-meta":"","header-below-stick-meta":"","astra-migrate-meta-layouts":"set","ast-page-background-enabled":"default","ast-page-background-meta":{"desktop":{"background-color":"var(--ast-global-color-4)","background-image":"","background-repeat":"repeat","background-position":"center center","background-size":"auto","background-attachment":"scroll","background-type":"","background-media":"","overlay-type":"","overlay-color":"","overlay-opacity":"","overlay-gradient":""},"tablet":{"background-color":"","background-image":"","background-repeat":"repeat","background-position":"center center","background-size":"auto","background-attachment":"scroll","background-type":"","background-media":"","overlay-type":"","overlay-color":"","overlay-opacity":"","overlay-gradient":""},"mobile":{"background-color":"","background-image":"","background-repeat":"repeat","background-position":"center center","background-size":"auto","background-attachment":"scroll","background-type":"","background-media":"","overlay-type":"","overlay-color":"","overlay-opacity":"","overlay-gradient":""}},"ast-content-background-meta":{"desktop":{"background-color":"var(--ast-global-color-5)","background-image":"","background-repeat":"repeat","background-position":"center center","background-size":"auto","background-attachment":"scroll","background-type":"","background-media":"","overlay-type":"","overlay-color":"","overlay-opacity":"","overlay-gradient":""},"tablet":{"background-color":"var(--ast-global-color-5)","background-image":"","background-repeat":"repeat","background-position":"center center","background-size":"auto","background-attachment":"scroll","background-type":"","background-media":"","overlay-type":"","overlay-color":"","overlay-opacity":"","overlay-gradient":""},"mobile":{"background-color":"var(--ast-global-color-5)","background-image":"","background-repeat":"repeat","background-position":"center center","background-size":"auto","background-attachment":"scroll","background-type":"","background-media":"","overlay-type":"","overlay-color":"","overlay-opacity":"","overlay-gradient":""}},"footnotes":""},"class_list":["post-1894","page","type-page","status-publish","has-post-thumbnail","hentry"],"uagb_featured_image_src":{"full":["https:\/\/nakup.ch\/wp-content\/uploads\/2026\/04\/20250606_085132-1-scaled.jpg",2560,1920,false],"thumbnail":["https:\/\/nakup.ch\/wp-content\/uploads\/2026\/04\/20250606_085132-1-150x150.jpg",150,150,true],"medium":["https:\/\/nakup.ch\/wp-content\/uploads\/2026\/04\/20250606_085132-1-300x225.jpg",300,225,true],"medium_large":["https:\/\/nakup.ch\/wp-content\/uploads\/2026\/04\/20250606_085132-1-768x576.jpg",768,576,true],"large":["https:\/\/nakup.ch\/wp-content\/uploads\/2026\/04\/20250606_085132-1-1024x768.jpg",1024,768,true],"1536x1536":["https:\/\/nakup.ch\/wp-content\/uploads\/2026\/04\/20250606_085132-1-1536x1152.jpg",1536,1152,true],"2048x2048":["https:\/\/nakup.ch\/wp-content\/uploads\/2026\/04\/20250606_085132-1-2048x1536.jpg",2048,1536,true]},"uagb_author_info":{"display_name":"Kilian Schlunegger","author_link":"https:\/\/nakup.ch\/?author=1"},"uagb_comment_info":0,"uagb_excerpt":"T\u00e4tigkeitsbereiche Gerne biete ich Ihnen meine F\u00e4higkeiten und Erfahrungen in folgenden Bereichen an: In einem Gespr\u00e4ch oder per Mail gebe ich Ihnen gerne genauere Auskunft. Z\u00f6gern Sie nicht mich bei Interesse zu kontaktieren.","_links":{"self":[{"href":"https:\/\/nakup.ch\/index.php?rest_route=\/wp\/v2\/pages\/1894","targetHints":{"allow":["GET"]}}],"collection":[{"href":"https:\/\/nakup.ch\/index.php?rest_route=\/wp\/v2\/pages"}],"about":[{"href":"https:\/\/nakup.ch\/index.php?rest_route=\/wp\/v2\/types\/page"}],"author":[{"embeddable":true,"href":"https:\/\/nakup.ch\/index.php?rest_route=\/wp\/v2\/users\/1"}],"replies":[{"embeddable":true,"href":"https:\/\/nakup.ch\/index.php?rest_route=%2Fwp%2Fv2%2Fcomments&post=1894"}],"version-history":[{"count":33,"href":"https:\/\/nakup.ch\/index.php?rest_route=\/wp\/v2\/pages\/1894\/revisions"}],"predecessor-version":[{"id":2119,"href":"https:\/\/nakup.ch\/index.php?rest_route=\/wp\/v2\/pages\/1894\/revisions\/2119"}],"wp:featuredmedia":[{"embeddable":true,"href":"https:\/\/nakup.ch\/index.php?rest_route=\/wp\/v2\/media\/2087"}],"wp:attachment":[{"href":"https:\/\/nakup.ch\/index.php?rest_route=%2Fwp%2Fv2%2Fmedia&parent=1894"}],"curies":[{"name":"wp","href":"https:\/\/api.w.org\/{rel}","templated":true}]}}